composite number?
False
Is 3200554033 a prime number?
True
Is 3937316927 a prime number?
False
Is 97447861 composite?
True
Is 178462676863 composite?
False
Is 823036649 a composite number?
True
Is 995442883 prime?
True
Is 1018700323 prime?
False
Is 367412349 composite?
True
Is 84732647537 prime?
True
Is 7226997419 composite?
True
Is 4747969411 a prime number?
True
Is 5261683859 composite?
True
Is 1179969671 a composite number?
True
Is 160272559883 a prime number?
True
Is 98869129 prime?
True
Is 153011905373 prime?
True
Is 917714321 composite?
True
Is 69071598361 a prime number?
True
Is 223487485541 composite?
True
Is 65088367213 a composite number?
False
Is 55432583 a prime number?
True
Is 27710341097 prime?
False
Is 7314877331 prime?
True
Is 65103101491 composite?
False
Is 5457841943 a composite number?
True
Is 6909182099 a prime number?
True
Is 69513804119 a composite number?
True
Is 5847741113 prime?
False
Is 2050703453 prime?
True
Is 17991560453 prime?
True
Is 113729685287 prime?
True
Is 1340340077 prime?
True
Is 11623822829 a composite number?
False
Is 1813318963 a composite number?
False
Is 1645231621 a composite number?
True
Is 506578531 a prime number?
True
Is 290828398919 composite?
False
Is 148606978654 a composite number?
True
Is 18946691047 a composite number?
True
Is 191443186873 a prime number?
True
Is 282218351 a composite number?
True
Is 345872621 composite?
False
Is 22280752283 a composite number?
True
Is 1034070617 a composite number?
False
Is 6526270393 a composite number?
True
Is 137607143 prime?
True
Is 23946575179 composite?
False
Is 3166161659 prime?
True
Is 340998629 prime?
True
Is 20038388213 prime?
True
Is 9010902239 a prime number?
True
Is 5197247689 a composite number?
False
Is 32310821657 composite?
False
Is 130420310333 a prime number?
True
Is 3996702565 a prime number?
False
Is 2921201179 composite?
True
Is 9458924357 composite?
True
Is 6993237259 composite?
True
Is 26339909797 composite?
False
Is 6061626937 a composite number?
True
Is 19564024693 prime?
False
Is 23375482417 a composite number?
True
Is 46937632285 a prime number?
False
Is 5875429117 prime?
True
Is 28101132949 a composite number?
True
Is 22851921629 a composite number?
True
Is 8070423437 a composite number?
False
Is 11704136729 prime?
False
Is 227035509377 prime?
True
Is 1312888267 prime?
False
Is 65263308503 a prime number?
True
Is 98940678667 a prime number?
True
Is 11443161337 prime?
True
Is 6926177771 prime?
True
Is 363178363 a composite number?
False
Is 46901148497 prime?
False
Is 4134425089 prime?
True
Is 4622711659 composite?
True
Is 1641345259 prime?
False
Is 32315320559 a composite number?
False
Is 118404566659 prime?
True
Is 229974515 prime?
False
Is 47851183 a composite number?
True
Is 12769700311 a prime number?
False
Is 584597137 prime?
False
Is 34304207071 a composite number?
False
Is 62491427873 prime?
False
Is 522219409 a prime number?
True
Is 15625668827 a composite number?
False
Is 1784449307 prime?
True
Is 332253611 prime?
True
Is 52990897721 a prime number?
False
Is 63135621517 a prime number?
False
Is 1084406041 prime?
True
Is 2379016009 composite?
False
Is 3574360111 a prime number?
False
Is 9513392099 composite?
False
Is 3517659263 composite?
False
Is 20222564437 a prime number?
True
Is 1265966797 composite?
False
Is 73598927 prime?
False
Is 7600482181 a prime number?
False
Is 654274217 composite?
False
Is 710145431 a composite number?
True
Is 246730959199 a composite number?
False
Is 20226289757 a prime number?
False
Is 12127109 a prime number?
True
Is 70922683813 a composite number?
False
Is 145708058039 prime?
True
Is 2203773097 a composite number?
False
Is 2223398861 a prime number?
False
Is 100118132987 a composite number?
False
Is 3762817397 a prime number?
False
Is 1780075189 a prime number?
True
Is 19039581139 composite?
False
Is 1196120049 a prime number?
False
Is 211195979 a composite number?
True
Is 269337199189 a composite number?
True
Is 281641387 a composite number?
True
Is 7273740559 prime?
False
Is 10735396601 composite?
False
Is 8425594171 composite?
False
Is 60933265097 prime?
True
Is 27661059119 prime?
True
Is 215637711217 a composite number?
True
Is 8304305899 a composite number?
True
Is 329020619 composite?
True
Is 22385761877 prime?
True
Is 5779131027 a composite number?
True
Is 129769777 a composite number?
False
Is 21791772787 a composite number?
False
Is 12421379053 prime?
True
Is 200157837401 composite?
False
Is 108938569 composite?
True
Is 1154319811 composite?
False
Is 10352213351 a composite number?
False
Is 73727241501 a prime number?
False
Is 52225579141 a prime number?
True
Is 1089324911 a composite number?
False
Is 82292051 prime?
False
Is 415207571 a prime number?
True
Is 4689713987 prime?
False
Is 20390212079 composite?
False
Is 82087211 a composite number?
True
Is 1870904339 a prime number?
True
Is 42652039 a prime number?
True
Is 8994116179 composite?
False
Is 7603541293 a composite number?
False
Is 5422261841 composite?
False
Is 3116143249 composite?
False
Is 1352014499 a composite number?
True
Is 736247669 composite?
False
Is 3884182147 prime?
True
Is 386606497 composite?
True
Is 1820838619 a prime number?
True
Is 175030673 prime?
True
Is 330885841847 a prime number?
False
Is 202221917 prime?
True
Is 3622300367 composite?
True
Is 10468629793 a prime number?
True
Is 86111625571 prime?
False
Is 176984065351 composite?
False
Is 12655534533 a composite number?
True
Is 5858059261 a composite number?
False
Is 3697325953 prime?
True
Is 68893831 composite?
False
Is 1493023053 a composite number?
True
Is 12878309423 composite?
True
Is 11006778467 composite?
False
Is 656063333 prime?
False
Is 34256267 a composite number?
False
Is 26309270257 a composite number?
True
Is 99107682689 a prime number?
True
Is 653015477 composite?
False
Is 9315613519 composite?
True
Is 122837559137 composite?
True
Is 39372224881 a composite number?
True
Is 8067884081 prime?
False
Is 218738864611 a composite number?
True
Is 109029929 a composite number?
True
Is 1408117577 a composite number?
False
Is 63051631963 prime?
True
Is 201089903 a prime number?
False
Is 15107536203 a prime number?
False
Is 12582808561 composite?
False
Is 2139460369 a composite number?
False
Is 92877984917 a prime number?
False
Is 252079771 a composite number?
True
Is 1561497631 a composite number?
False
Is 41741113541 a prime number?
True
Is 80209016339 a composite number?
False
Is 1191260989 prime?
False
Is 160733447 a composite number?
True
Is 1234563739 composite?
False
Is 120521571455 a composite number?
True
Is 62812166159 composite?
False
Is 184532473 a prime number?
False
Is 53541229 a prime number?
False
Is 5896200371 a composite number?
False
Is 2899399073 composite?
False
Is 1604780773 prime?
False
Is 548825857 composite?
False
Is 8715212267 composite?
False
Is 371360177 composite?
True
Is 270862061 composite?
True
Is 3809725123 a composite number?
True
Is 104337661033 composite?
True
Is 1506879161 prime?
False
Is 58112522617 a prime number?
False
Is 59408784667 a prime number?
True
Is 1323044539 a composite number?
True
Is 529785953 a prime number?
True
Is 1323041087 composite?
False
Is 15962007111 composite?
True
Is 32989977467 a prime number?
True
Is 326868049 prime?
False
Is 20676332707 composite?
False
Is 252192964598 prime?
False
Is 27292635857 a composite number?
False
Is 5388836309 a composite number?
True
Is 5724973879 a composite number?
False
Is 10468070633 a composite number?
False
Is 5189954729 composite?
True
Is 535993027 composite?
False
Is 2948128393 a composite number?
True
Is 12993468109 composite?
False
Is 5878701511 a composite number?
False
Is 180829817 prime?
False
Is 1134104707 composite?
True
Is 57364177798 a composite number?
True
Is 4129573699 a prime number?
True
Is 5064755623 prime?
False
Is 4635265697 prime?
True
Is 595795987 prime?
False
Is 565171235 composite?
True
Is 1376348479 composite?
True
Is 106504913 prime?
False
Is 913396051 composite?
True
Is 167089607 a composite number?
True
Is 12718095059 a prime number?
True
Is 2364196217 a prime number?
False
Is 69256313939 composite?
True
Is 292217203 prime?
False
Is 533552251 a composite number?
True
Is 2235811741 prime?
True
Is 351763829 a composite 